{"id":20167,"date":"2017-09-11T14:15:35","date_gmt":"2017-09-11T12:15:35","guid":{"rendered":"http:\/\/www.irisem.com\/aditivos-cosmetica\/"},"modified":"2018-03-20T16:07:15","modified_gmt":"2018-03-20T15:07:15","slug":"cosmetica-e-detergentes","status":"publish","type":"page","link":"https:\/\/www.irisem.com\/pt\/cosmetica-e-detergentes\/","title":{"rendered":"Cosm\u00e9tica e detergentes"},"content":{"rendered":"<p><div class=\"fusion-fullwidth fullwidth-box fusion-builder-row-1 nonhundred-percent-fullwidth non-hundred-percent-height-scrolling\" style=\"--awb-border-radius-top-left:0px;--awb-border-radius-top-right:0px;--awb-border-radius-bottom-right:0px;--awb-border-radius-bottom-left:0px;--awb-flex-wrap:wrap;\" ><div class=\"fusion-builder-row fusion-row\"><div class=\"fusion-layout-column fusion_builder_column fusion-builder-column-0 fusion_builder_column_1_1 1_1 fusion-one-full fusion-column-first fusion-column-last\" style=\"--awb-bg-size:cover;\"><div class=\"fusion-column-wrapper fusion-flex-column-wrapper-legacy\"><div class=\"fusion-text fusion-text-1\"><h2>Solu\u00e7\u00f5es qu\u00edmicas para a ind\u00fastria Cosm\u00e9tica e Detergentes<\/h2>\n<p style=\"text-align: justify;\"><img decoding=\"async\" class=\"size-full wp-image-19166 alignleft\" src=\"http:\/\/www.irisem.com\/wp-content\/uploads\/2015\/02\/detergencia.jpg\" alt=\"\" width=\"213\" height=\"213\" \/><\/p>\n<p>Na Irisem trabalhamos para que os nossos clientes potenciem o atrativo dos seus produtos com as nossas solu\u00e7\u00f5es em colora\u00e7\u00e3o e aditivos, tanto para as suas formula\u00e7\u00f5es habituais como para os seus novos projetos.<\/p>\n<p>A inova\u00e7\u00e3o e melhoria cont\u00ednua dentro da cosm\u00e9tica e dos detergentes \u00e9 chave para a diferencia\u00e7\u00e3o no mercado, pelo que tratamos sempre de assessorar partindo da nossa vasta experi\u00eancia em busca da m\u00e1xima qualidade. A Irisem encontra-se na vanguarda em novos produtos e todo o tipo de novas solu\u00e7\u00f5es, al\u00e9m de estar atualizada em rela\u00e7\u00e3o ao normativo vigente necess\u00e1rio na nossa atividade.<\/p>\n<p><strong>Temos tudo o que \u00e9 necess\u00e1rio em colora\u00e7\u00e3o e aditivos qu\u00edmicos para as suas formula\u00e7\u00f5es e novos projetos; e assim cobrir todas as exig\u00eancias do mercado.<\/strong><\/p>\n<div>\n<p><img decoding=\"async\" class=\"wp-image-669 alignright\" src=\"http:\/\/www.irisem.com\/wp-content\/uploads\/2015\/02\/raul-lozano.png\" alt=\"Ra\u00fal Lozano\" width=\"108\" height=\"84\" \/><\/p>\n<h5 style=\"text-align: right;\">Ra\u00fal Lozano<\/h5>\n<h6 style=\"text-align: right;\">T\u00e9cnico-comercial<\/h6>\n<h6 style=\"text-align: right;\">Especialista em pl\u00e1sticos, diversifica\u00e7\u00e3o e pintura<\/h6>\n<\/div>\n<\/div><div class=\"fusion-clearfix\"><\/div><\/div><\/div><\/div><\/div><div class=\"fusion-fullwidth fullwidth-box fusion-builder-row-2 nonhundred-percent-fullwidth non-hundred-percent-height-scrolling\" style=\"--awb-border-radius-top-left:0px;--awb-border-radius-top-right:0px;--awb-border-radius-bottom-right:0px;--awb-border-radius-bottom-left:0px;--awb-margin-top:80px;--awb-flex-wrap:wrap;\" ><div class=\"fusion-builder-row fusion-row\"><div class=\"fusion-layout-column fusion_builder_column fusion-builder-column-1 fusion_builder_column_1_1 1_1 fusion-one-full fusion-column-first fusion-column-last\" style=\"--awb-bg-size:cover;\"><div class=\"fusion-column-wrapper fusion-flex-column-wrapper-legacy\"><div class=\"fusion-text fusion-text-2\"><h3>Setores nos quais trabalhamos<\/h3>\n<p style=\"text-align: justify;\">Na <strong> Irisem <\/strong>trabalhamos em projetos de todas as dimens\u00f5es e carater\u00edsticas, tendo especialistas em todas as mat\u00e9rias e processos implicados em setores como:<\/p>\n<p>\u2013 Cosm\u00e9tica<br \/>\n\u2013 Detergentes industriais<br \/>\n\u2013 Detergentes<br \/>\n\u2013 Cosm\u00e9tica animal<\/p>\n<\/div><div class=\"fusion-clearfix\"><\/div><\/div><\/div><\/div><\/div><\/p>\n","protected":false},"excerpt":{"rendered":"","protected":false},"author":1,"featured_media":0,"parent":0,"menu_order":0,"comment_status":"open","ping_status":"open","template":"","meta":{"footnotes":""},"class_list":["post-20167","page","type-page","status-publish","hentry"],"yoast_head":"<!-- This site is optimized with the Yoast SEO plugin v27.1.1 - https:\/\/yoast.com\/product\/yoast-seo-wordpress\/ -->\n<title>Pigmentos para pl\u00e1sticos - Colorantes para Pl\u00e1sticos<\/title>\n<meta name=\"description\" content=\"Especialistas en pigmentos para pl\u00e1sticos, colorantes y aditivos con m\u00e1s de 25 a\u00f1os de experiencia en el sector de las soluciones qu\u00edmicas\" \/>\n<meta name=\"robots\" content=\"index, follow, max-snippet:-1, max-image-preview:large, max-video-preview:-1\" \/>\n<link rel=\"canonical\" href=\"https:\/\/www.irisem.com\/pt\/cosmetica-e-detergentes\/\" \/>\n<meta property=\"og:locale\" content=\"pt_PT\" \/>\n<meta property=\"og:type\" content=\"article\" \/>\n<meta property=\"og:title\" content=\"Pigmentos para pl\u00e1sticos - Colorantes para Pl\u00e1sticos\" \/>\n<meta property=\"og:description\" content=\"Especialistas en pigmentos para pl\u00e1sticos, colorantes y aditivos con m\u00e1s de 25 a\u00f1os de experiencia en el sector de las soluciones qu\u00edmicas\" \/>\n<meta property=\"og:url\" content=\"https:\/\/www.irisem.com\/pt\/cosmetica-e-detergentes\/\" \/>\n<meta property=\"og:site_name\" content=\"Irisem\" \/>\n<meta property=\"article:modified_time\" content=\"2018-03-20T15:07:15+00:00\" \/>\n<meta property=\"og:image\" content=\"http:\/\/www.irisem.com\/wp-content\/uploads\/2015\/02\/detergencia.jpg\" \/>\n<meta name=\"twitter:label1\" content=\"Est. reading time\" \/>\n\t<meta name=\"twitter:data1\" content=\"3 minutes\" \/>\n<script type=\"application\/ld+json\" class=\"yoast-schema-graph\">{\"@context\":\"https:\/\/schema.org\",\"@graph\":[{\"@type\":\"WebPage\",\"@id\":\"https:\/\/www.irisem.com\/pt\/cosmetica-e-detergentes\/\",\"url\":\"https:\/\/www.irisem.com\/pt\/cosmetica-e-detergentes\/\",\"name\":\"Pigmentos para pl\u00e1sticos - Colorantes para Pl\u00e1sticos\",\"isPartOf\":{\"@id\":\"https:\/\/www.irisem.com\/#website\"},\"primaryImageOfPage\":{\"@id\":\"https:\/\/www.irisem.com\/pt\/cosmetica-e-detergentes\/#primaryimage\"},\"image\":{\"@id\":\"https:\/\/www.irisem.com\/pt\/cosmetica-e-detergentes\/#primaryimage\"},\"thumbnailUrl\":\"http:\/\/www.irisem.com\/wp-content\/uploads\/2015\/02\/detergencia.jpg\",\"datePublished\":\"2017-09-11T12:15:35+00:00\",\"dateModified\":\"2018-03-20T15:07:15+00:00\",\"description\":\"Especialistas en pigmentos para pl\u00e1sticos, colorantes y aditivos con m\u00e1s de 25 a\u00f1os de experiencia en el sector de las soluciones qu\u00edmicas\",\"breadcrumb\":{\"@id\":\"https:\/\/www.irisem.com\/pt\/cosmetica-e-detergentes\/#breadcrumb\"},\"inLanguage\":\"pt\",\"potentialAction\":[{\"@type\":\"ReadAction\",\"target\":[\"https:\/\/www.irisem.com\/pt\/cosmetica-e-detergentes\/\"]}]},{\"@type\":\"ImageObject\",\"inLanguage\":\"pt\",\"@id\":\"https:\/\/www.irisem.com\/pt\/cosmetica-e-detergentes\/#primaryimage\",\"url\":\"http:\/\/www.irisem.com\/wp-content\/uploads\/2015\/02\/detergencia.jpg\",\"contentUrl\":\"http:\/\/www.irisem.com\/wp-content\/uploads\/2015\/02\/detergencia.jpg\"},{\"@type\":\"BreadcrumbList\",\"@id\":\"https:\/\/www.irisem.com\/pt\/cosmetica-e-detergentes\/#breadcrumb\",\"itemListElement\":[{\"@type\":\"ListItem\",\"position\":1,\"name\":\"Portada\",\"item\":\"https:\/\/www.irisem.com\/pt\/\"},{\"@type\":\"ListItem\",\"position\":2,\"name\":\"Cosm\u00e9tica e detergentes\"}]},{\"@type\":\"WebSite\",\"@id\":\"https:\/\/www.irisem.com\/#website\",\"url\":\"https:\/\/www.irisem.com\/\",\"name\":\"Irisem\",\"description\":\"Irisem, especialistas en colorantes, aditivos y pigmentos\",\"potentialAction\":[{\"@type\":\"SearchAction\",\"target\":{\"@type\":\"EntryPoint\",\"urlTemplate\":\"https:\/\/www.irisem.com\/?s={search_term_string}\"},\"query-input\":{\"@type\":\"PropertyValueSpecification\",\"valueRequired\":true,\"valueName\":\"search_term_string\"}}],\"inLanguage\":\"pt\"}]}<\/script>\n<!-- \/ Yoast SEO plugin. -->","yoast_head_json":{"title":"Pigmentos para pl\u00e1sticos - Colorantes para Pl\u00e1sticos","description":"Especialistas en pigmentos para pl\u00e1sticos, colorantes y aditivos con m\u00e1s de 25 a\u00f1os de experiencia en el sector de las soluciones qu\u00edmicas","robots":{"index":"index","follow":"follow","max-snippet":"max-snippet:-1","max-image-preview":"max-image-preview:large","max-video-preview":"max-video-preview:-1"},"canonical":"https:\/\/www.irisem.com\/pt\/cosmetica-e-detergentes\/","og_locale":"pt_PT","og_type":"article","og_title":"Pigmentos para pl\u00e1sticos - Colorantes para Pl\u00e1sticos","og_description":"Especialistas en pigmentos para pl\u00e1sticos, colorantes y aditivos con m\u00e1s de 25 a\u00f1os de experiencia en el sector de las soluciones qu\u00edmicas","og_url":"https:\/\/www.irisem.com\/pt\/cosmetica-e-detergentes\/","og_site_name":"Irisem","article_modified_time":"2018-03-20T15:07:15+00:00","og_image":[{"url":"http:\/\/www.irisem.com\/wp-content\/uploads\/2015\/02\/detergencia.jpg","type":"","width":"","height":""}],"twitter_misc":{"Est. reading time":"3 minutes"},"schema":{"@context":"https:\/\/schema.org","@graph":[{"@type":"WebPage","@id":"https:\/\/www.irisem.com\/pt\/cosmetica-e-detergentes\/","url":"https:\/\/www.irisem.com\/pt\/cosmetica-e-detergentes\/","name":"Pigmentos para pl\u00e1sticos - Colorantes para Pl\u00e1sticos","isPartOf":{"@id":"https:\/\/www.irisem.com\/#website"},"primaryImageOfPage":{"@id":"https:\/\/www.irisem.com\/pt\/cosmetica-e-detergentes\/#primaryimage"},"image":{"@id":"https:\/\/www.irisem.com\/pt\/cosmetica-e-detergentes\/#primaryimage"},"thumbnailUrl":"http:\/\/www.irisem.com\/wp-content\/uploads\/2015\/02\/detergencia.jpg","datePublished":"2017-09-11T12:15:35+00:00","dateModified":"2018-03-20T15:07:15+00:00","description":"Especialistas en pigmentos para pl\u00e1sticos, colorantes y aditivos con m\u00e1s de 25 a\u00f1os de experiencia en el sector de las soluciones qu\u00edmicas","breadcrumb":{"@id":"https:\/\/www.irisem.com\/pt\/cosmetica-e-detergentes\/#breadcrumb"},"inLanguage":"pt","potentialAction":[{"@type":"ReadAction","target":["https:\/\/www.irisem.com\/pt\/cosmetica-e-detergentes\/"]}]},{"@type":"ImageObject","inLanguage":"pt","@id":"https:\/\/www.irisem.com\/pt\/cosmetica-e-detergentes\/#primaryimage","url":"http:\/\/www.irisem.com\/wp-content\/uploads\/2015\/02\/detergencia.jpg","contentUrl":"http:\/\/www.irisem.com\/wp-content\/uploads\/2015\/02\/detergencia.jpg"},{"@type":"BreadcrumbList","@id":"https:\/\/www.irisem.com\/pt\/cosmetica-e-detergentes\/#breadcrumb","itemListElement":[{"@type":"ListItem","position":1,"name":"Portada","item":"https:\/\/www.irisem.com\/pt\/"},{"@type":"ListItem","position":2,"name":"Cosm\u00e9tica e detergentes"}]},{"@type":"WebSite","@id":"https:\/\/www.irisem.com\/#website","url":"https:\/\/www.irisem.com\/","name":"Irisem","description":"Irisem, especialistas en colorantes, aditivos y pigmentos","potentialAction":[{"@type":"SearchAction","target":{"@type":"EntryPoint","urlTemplate":"https:\/\/www.irisem.com\/?s={search_term_string}"},"query-input":{"@type":"PropertyValueSpecification","valueRequired":true,"valueName":"search_term_string"}}],"inLanguage":"pt"}]}},"_links":{"self":[{"href":"https:\/\/www.irisem.com\/pt\/wp-json\/wp\/v2\/pages\/20167","targetHints":{"allow":["GET"]}}],"collection":[{"href":"https:\/\/www.irisem.com\/pt\/wp-json\/wp\/v2\/pages"}],"about":[{"href":"https:\/\/www.irisem.com\/pt\/wp-json\/wp\/v2\/types\/page"}],"author":[{"embeddable":true,"href":"https:\/\/www.irisem.com\/pt\/wp-json\/wp\/v2\/users\/1"}],"replies":[{"embeddable":true,"href":"https:\/\/www.irisem.com\/pt\/wp-json\/wp\/v2\/comments?post=20167"}],"version-history":[{"count":0,"href":"https:\/\/www.irisem.com\/pt\/wp-json\/wp\/v2\/pages\/20167\/revisions"}],"wp:attachment":[{"href":"https:\/\/www.irisem.com\/pt\/wp-json\/wp\/v2\/media?parent=20167"}],"curies":[{"name":"wp","href":"https:\/\/api.w.org\/{rel}","templated":true}]}}

Cosmética e detergentes

<p><div class="fusion-fullwidth fullwidth-box fusion-builder-row-1 nonhundred-percent-fullwidth non-hundred-percent-height-scrolling" style="--awb-border-radius-top-left:0px;--awb-border-radius-top-right:0px;--awb-border-radius-bottom-right:0px;--awb-border-radius-bottom-left:0px;--awb-flex-wrap:wrap;" ><div class="fusion-builder-row fusion-row"><div class="fusion-layout-column fusion_builder_column fusion-builder-column-0 fusion_builder_column_1_1 1_1 fusion-one-full fusion-column-first fusion-column-last" style="--awb-bg-size:cover;"><div class="fusion-column-wrapper fusion-flex-column-wrapper-legacy"><div class="fusion-text fusion-text-1"><h2>Soluções químicas para a indústria Cosmética e Detergentes</h2>
<p style="text-align: justify;"><img decoding="async" class="size-full wp-image-19166 alignleft" src="http://www.irisem.com/wp-content/uploads/2015/02/detergencia.jpg" alt="" width="213" height="213" /></p>
<p>Na Irisem trabalhamos para que os nossos clientes potenciem o atrativo dos seus produtos com as nossas soluções em coloração e aditivos, tanto para as suas formulações habituais como para os seus novos projetos.</p>
<p>A inovação e melhoria contínua dentro da cosmética e dos detergentes é chave para a diferenciação no mercado, pelo que tratamos sempre de assessorar partindo da nossa vasta experiência em busca da máxima qualidade. A Irisem encontra-se na vanguarda em novos produtos e todo o tipo de novas soluções, além de estar atualizada em relação ao normativo vigente necessário na nossa atividade.</p>
<p><strong>Temos tudo o que é necessário em coloração e aditivos químicos para as suas formulações e novos projetos; e assim cobrir todas as exigências do mercado.</strong></p>
<div>
<p><img decoding="async" class="wp-image-669 alignright" src="http://www.irisem.com/wp-content/uploads/2015/02/raul-lozano.png" alt="Raúl Lozano" width="108" height="84" /></p>
<h5 style="text-align: right;">Raúl Lozano</h5>
<h6 style="text-align: right;">Técnico-comercial</h6>
<h6 style="text-align: right;">Especialista em plásticos, diversificação e pintura</h6>
</div>
</div><div class="fusion-clearfix"></div></div></div></div></div><div class="fusion-fullwidth fullwidth-box fusion-builder-row-2 nonhundred-percent-fullwidth non-hundred-percent-height-scrolling" style="--awb-border-radius-top-left:0px;--awb-border-radius-top-right:0px;--awb-border-radius-bottom-right:0px;--awb-border-radius-bottom-left:0px;--awb-margin-top:80px;--awb-flex-wrap:wrap;" ><div class="fusion-builder-row fusion-row"><div class="fusion-layout-column fusion_builder_column fusion-builder-column-1 fusion_builder_column_1_1 1_1 fusion-one-full fusion-column-first fusion-column-last" style="--awb-bg-size:cover;"><div class="fusion-column-wrapper fusion-flex-column-wrapper-legacy"><div class="fusion-text fusion-text-2"><h3>Setores nos quais trabalhamos</h3>
<p style="text-align: justify;">Na <strong> Irisem </strong>trabalhamos em projetos de todas as dimensões e caraterísticas, tendo especialistas em todas as matérias e processos implicados em setores como:</p>
<p>– Cosmética<br />
– Detergentes industriais<br />
– Detergentes<br />
– Cosmética animal</p>
</div><div class="fusion-clearfix"></div></div></div></div></div></p>

<!-- This site is optimized with the Yoast SEO plugin v27.1.1 - https://yoast.com/product/yoast-seo-wordpress/ -->
<title>Pigmentos para plásticos - Colorantes para Plásticos</title>
<meta name="description" content="Especialistas en pigmentos para plásticos, colorantes y aditivos con más de 25 años de experiencia en el sector de las soluciones químicas" />
<meta name="robots" content="index, follow, max-snippet:-1, max-image-preview:large, max-video-preview:-1" />
<link rel="canonical" href="https://www.irisem.com/pt/cosmetica-e-detergentes/" />
<meta property="og:locale" content="pt_PT" />
<meta property="og:type" content="article" />
<meta property="og:title" content="Pigmentos para plásticos - Colorantes para Plásticos" />
<meta property="og:description" content="Especialistas en pigmentos para plásticos, colorantes y aditivos con más de 25 años de experiencia en el sector de las soluciones químicas" />
<meta property="og:url" content="https://www.irisem.com/pt/cosmetica-e-detergentes/" />
<meta property="og:site_name" content="Irisem" />
<meta property="article:modified_time" content="2018-03-20T15:07:15+00:00" />
<meta property="og:image" content="http://www.irisem.com/wp-content/uploads/2015/02/detergencia.jpg" />
<meta name="twitter:label1" content="Est. reading time" />
	<meta name="twitter:data1" content="3 minutes" />
<script type="application/ld+json" class="yoast-schema-graph">{"@context":"https://schema.org","@graph":[{"@type":"WebPage","@id":"https://www.irisem.com/pt/cosmetica-e-detergentes/","url":"https://www.irisem.com/pt/cosmetica-e-detergentes/","name":"Pigmentos para plásticos - Colorantes para Plásticos","isPartOf":{"@id":"https://www.irisem.com/#website"},"primaryImageOfPage":{"@id":"https://www.irisem.com/pt/cosmetica-e-detergentes/#primaryimage"},"image":{"@id":"https://www.irisem.com/pt/cosmetica-e-detergentes/#primaryimage"},"thumbnailUrl":"http://www.irisem.com/wp-content/uploads/2015/02/detergencia.jpg","datePublished":"2017-09-11T12:15:35+00:00","dateModified":"2018-03-20T15:07:15+00:00","description":"Especialistas en pigmentos para plásticos, colorantes y aditivos con más de 25 años de experiencia en el sector de las soluciones químicas","breadcrumb":{"@id":"https://www.irisem.com/pt/cosmetica-e-detergentes/#breadcrumb"},"inLanguage":"pt","potentialAction":[{"@type":"ReadAction","target":["https://www.irisem.com/pt/cosmetica-e-detergentes/"]}]},{"@type":"ImageObject","inLanguage":"pt","@id":"https://www.irisem.com/pt/cosmetica-e-detergentes/#primaryimage","url":"http://www.irisem.com/wp-content/uploads/2015/02/detergencia.jpg","contentUrl":"http://www.irisem.com/wp-content/uploads/2015/02/detergencia.jpg"},{"@type":"BreadcrumbList","@id":"https://www.irisem.com/pt/cosmetica-e-detergentes/#breadcrumb","itemListElement":[{"@type":"ListItem","position":1,"name":"Portada","item":"https://www.irisem.com/pt/"},{"@type":"ListItem","position":2,"name":"Cosmética e detergentes"}]},{"@type":"WebSite","@id":"https://www.irisem.com/#website","url":"https://www.irisem.com/","name":"Irisem","description":"Irisem, especialistas en colorantes, aditivos y pigmentos","potentialAction":[{"@type":"SearchAction","target":{"@type":"EntryPoint","urlTemplate":"https://www.irisem.com/?s={search_term_string}"},"query-input":{"@type":"PropertyValueSpecification","valueRequired":true,"valueName":"search_term_string"}}],"inLanguage":"pt"}]}</script>
<!-- / Yoast SEO plugin. -->

Pigmentos para plásticos - Colorantes para Plásticos

Especialistas en pigmentos para plásticos, colorantes y aditivos con más de 25 años de experiencia en el sector de las soluciones químicas
