{"id":20160,"date":"2017-09-11T13:47:02","date_gmt":"2017-09-11T11:47:02","guid":{"rendered":"http:\/\/www.irisem.com\/quimicos-curtidos\/"},"modified":"2018-03-20T15:58:07","modified_gmt":"2018-03-20T14:58:07","slug":"curtumes","status":"publish","type":"page","link":"https:\/\/www.irisem.com\/pt\/curtumes\/","title":{"rendered":"Curtumes"},"content":{"rendered":"<p><div class=\"fusion-fullwidth fullwidth-box fusion-builder-row-1 nonhundred-percent-fullwidth non-hundred-percent-height-scrolling\" style=\"--awb-border-radius-top-left:0px;--awb-border-radius-top-right:0px;--awb-border-radius-bottom-right:0px;--awb-border-radius-bottom-left:0px;--awb-flex-wrap:wrap;\" ><div class=\"fusion-builder-row fusion-row\"><div class=\"fusion-layout-column fusion_builder_column fusion-builder-column-0 fusion_builder_column_1_1 1_1 fusion-one-full fusion-column-first fusion-column-last\" style=\"--awb-bg-size:cover;\"><div class=\"fusion-column-wrapper fusion-flex-column-wrapper-legacy\"><div class=\"fusion-text fusion-text-1\"><h2>Produtos para a ind\u00fastria de Curtumes<\/h2>\n<p style=\"text-align: justify;\"><img decoding=\"async\" class=\"size-full wp-image-19166 alignleft\" src=\"http:\/\/www.irisem.com\/wp-content\/uploads\/2015\/02\/curtidos.jpg\" alt=\"\" width=\"213\" height=\"213\" \/><\/p>\n<p>Oferecemos uma ampla gama de servi\u00e7os e solu\u00e7\u00f5es qu\u00edmicas para curtumes de pele abarcando todos os processos dentro da sua fabrica\u00e7\u00e3o, tanto para o seu tratamento a n\u00edvel qu\u00edmico como para o seu tingimento e colora\u00e7\u00e3o.<\/p>\n<p>O nosso objetivo consiste em proporcionar uma superioridade t\u00e9cnica e est\u00e9tica que destaque a qualidade do produto, ressaltando as carater\u00edsticas e propriedades do mesmo, estudando as necessidades concretas e adaptando-nos a cada caso.<\/p>\n<p><strong>Dispomos de corantes e aditivos para o processo de tintura em ful\u00e3o, corantes e pigmentos para o acabamento de todo o tipo de peles<\/strong><\/p>\n<div>\n<p><img decoding=\"async\" class=\"wp-image-669 alignright\" src=\"http:\/\/www.irisem.com\/wp-content\/uploads\/2015\/02\/pedro-fernandez.png\" alt=\"Pedro Fern\u00e1ndez\" width=\"108\" height=\"84\" \/><\/p>\n<h5 style=\"text-align: right;\">Pedro Fern\u00e1ndez<\/h5>\n<h6 style=\"text-align: right;\">T\u00e9cnico-comercial<\/h6>\n<h6 style=\"text-align: right;\">Especialista em curtumes, pl\u00e1stico e tintas<\/h6>\n<\/div>\n<\/div><div class=\"fusion-clearfix\"><\/div><\/div><\/div><\/div><\/div><div class=\"fusion-fullwidth fullwidth-box fusion-builder-row-2 nonhundred-percent-fullwidth non-hundred-percent-height-scrolling\" style=\"--awb-border-radius-top-left:0px;--awb-border-radius-top-right:0px;--awb-border-radius-bottom-right:0px;--awb-border-radius-bottom-left:0px;--awb-margin-top:80px;--awb-flex-wrap:wrap;\" ><div class=\"fusion-builder-row fusion-row\"><div class=\"fusion-layout-column fusion_builder_column fusion-builder-column-1 fusion_builder_column_1_1 1_1 fusion-one-full fusion-column-first fusion-column-last\" style=\"--awb-bg-size:cover;\"><div class=\"fusion-column-wrapper fusion-flex-column-wrapper-legacy\"><div class=\"fusion-text fusion-text-2\"><h3>Ficha T\u00e9cnica do Produto<\/h3>\n<p>Entre os nossos principais servi\u00e7os para curtumes podemos encontrar:<\/p>\n<p>\u2013 Acabamento em h\u00famido<\/p>\n<p>\u2013 Acabamento em couro<\/p>\n<p>\u2013 Revestimentos e acabamentos<\/p>\n<p>N\u00e3o obstante, podemos abordar todo o tipo de projetos e elaborar solu\u00e7\u00f5es \u00e0 medida avaliando especificamente as suas solicita\u00e7\u00f5es. Pergunte-nos sem compromisso pelas novidades no tratamento de peles ou sobre as novas cores da temporada, a nossa equipa t\u00e9cnica ficar\u00e1 encantada por poder inform\u00e1-lo.<\/p>\n<\/div><div class=\"fusion-clearfix\"><\/div><\/div><\/div><\/div><\/div><\/p>\n","protected":false},"excerpt":{"rendered":"","protected":false},"author":1,"featured_media":0,"parent":0,"menu_order":0,"comment_status":"open","ping_status":"open","template":"","meta":{"footnotes":""},"class_list":["post-20160","page","type-page","status-publish","hentry"],"yoast_head":"<!-- This site is optimized with the Yoast SEO plugin v27.1.1 - https:\/\/yoast.com\/product\/yoast-seo-wordpress\/ -->\n<title>Pigmentos para pl\u00e1sticos - Colorantes para Pl\u00e1sticos<\/title>\n<meta name=\"description\" content=\"Especialistas en pigmentos para pl\u00e1sticos, colorantes y aditivos con m\u00e1s de 25 a\u00f1os de experiencia en el sector de las soluciones qu\u00edmicas\" \/>\n<meta name=\"robots\" content=\"index, follow, max-snippet:-1, max-image-preview:large, max-video-preview:-1\" \/>\n<link rel=\"canonical\" href=\"https:\/\/www.irisem.com\/pt\/curtumes\/\" \/>\n<meta property=\"og:locale\" content=\"pt_PT\" \/>\n<meta property=\"og:type\" content=\"article\" \/>\n<meta property=\"og:title\" content=\"Pigmentos para pl\u00e1sticos - Colorantes para Pl\u00e1sticos\" \/>\n<meta property=\"og:description\" content=\"Especialistas en pigmentos para pl\u00e1sticos, colorantes y aditivos con m\u00e1s de 25 a\u00f1os de experiencia en el sector de las soluciones qu\u00edmicas\" \/>\n<meta property=\"og:url\" content=\"https:\/\/www.irisem.com\/pt\/curtumes\/\" \/>\n<meta property=\"og:site_name\" content=\"Irisem\" \/>\n<meta property=\"article:modified_time\" content=\"2018-03-20T14:58:07+00:00\" \/>\n<meta property=\"og:image\" content=\"http:\/\/www.irisem.com\/wp-content\/uploads\/2015\/02\/curtidos.jpg\" \/>\n<meta name=\"twitter:label1\" content=\"Est. reading time\" \/>\n\t<meta name=\"twitter:data1\" content=\"3 minutes\" \/>\n<script type=\"application\/ld+json\" class=\"yoast-schema-graph\">{\"@context\":\"https:\/\/schema.org\",\"@graph\":[{\"@type\":\"WebPage\",\"@id\":\"https:\/\/www.irisem.com\/pt\/curtumes\/\",\"url\":\"https:\/\/www.irisem.com\/pt\/curtumes\/\",\"name\":\"Pigmentos para pl\u00e1sticos - Colorantes para Pl\u00e1sticos\",\"isPartOf\":{\"@id\":\"https:\/\/www.irisem.com\/#website\"},\"primaryImageOfPage\":{\"@id\":\"https:\/\/www.irisem.com\/pt\/curtumes\/#primaryimage\"},\"image\":{\"@id\":\"https:\/\/www.irisem.com\/pt\/curtumes\/#primaryimage\"},\"thumbnailUrl\":\"http:\/\/www.irisem.com\/wp-content\/uploads\/2015\/02\/curtidos.jpg\",\"datePublished\":\"2017-09-11T11:47:02+00:00\",\"dateModified\":\"2018-03-20T14:58:07+00:00\",\"description\":\"Especialistas en pigmentos para pl\u00e1sticos, colorantes y aditivos con m\u00e1s de 25 a\u00f1os de experiencia en el sector de las soluciones qu\u00edmicas\",\"breadcrumb\":{\"@id\":\"https:\/\/www.irisem.com\/pt\/curtumes\/#breadcrumb\"},\"inLanguage\":\"pt\",\"potentialAction\":[{\"@type\":\"ReadAction\",\"target\":[\"https:\/\/www.irisem.com\/pt\/curtumes\/\"]}]},{\"@type\":\"ImageObject\",\"inLanguage\":\"pt\",\"@id\":\"https:\/\/www.irisem.com\/pt\/curtumes\/#primaryimage\",\"url\":\"http:\/\/www.irisem.com\/wp-content\/uploads\/2015\/02\/curtidos.jpg\",\"contentUrl\":\"http:\/\/www.irisem.com\/wp-content\/uploads\/2015\/02\/curtidos.jpg\"},{\"@type\":\"BreadcrumbList\",\"@id\":\"https:\/\/www.irisem.com\/pt\/curtumes\/#breadcrumb\",\"itemListElement\":[{\"@type\":\"ListItem\",\"position\":1,\"name\":\"Portada\",\"item\":\"https:\/\/www.irisem.com\/pt\/\"},{\"@type\":\"ListItem\",\"position\":2,\"name\":\"Curtumes\"}]},{\"@type\":\"WebSite\",\"@id\":\"https:\/\/www.irisem.com\/#website\",\"url\":\"https:\/\/www.irisem.com\/\",\"name\":\"Irisem\",\"description\":\"Irisem, especialistas en colorantes, aditivos y pigmentos\",\"potentialAction\":[{\"@type\":\"SearchAction\",\"target\":{\"@type\":\"EntryPoint\",\"urlTemplate\":\"https:\/\/www.irisem.com\/?s={search_term_string}\"},\"query-input\":{\"@type\":\"PropertyValueSpecification\",\"valueRequired\":true,\"valueName\":\"search_term_string\"}}],\"inLanguage\":\"pt\"}]}<\/script>\n<!-- \/ Yoast SEO plugin. -->","yoast_head_json":{"title":"Pigmentos para pl\u00e1sticos - Colorantes para Pl\u00e1sticos","description":"Especialistas en pigmentos para pl\u00e1sticos, colorantes y aditivos con m\u00e1s de 25 a\u00f1os de experiencia en el sector de las soluciones qu\u00edmicas","robots":{"index":"index","follow":"follow","max-snippet":"max-snippet:-1","max-image-preview":"max-image-preview:large","max-video-preview":"max-video-preview:-1"},"canonical":"https:\/\/www.irisem.com\/pt\/curtumes\/","og_locale":"pt_PT","og_type":"article","og_title":"Pigmentos para pl\u00e1sticos - Colorantes para Pl\u00e1sticos","og_description":"Especialistas en pigmentos para pl\u00e1sticos, colorantes y aditivos con m\u00e1s de 25 a\u00f1os de experiencia en el sector de las soluciones qu\u00edmicas","og_url":"https:\/\/www.irisem.com\/pt\/curtumes\/","og_site_name":"Irisem","article_modified_time":"2018-03-20T14:58:07+00:00","og_image":[{"url":"http:\/\/www.irisem.com\/wp-content\/uploads\/2015\/02\/curtidos.jpg","type":"","width":"","height":""}],"twitter_misc":{"Est. reading time":"3 minutes"},"schema":{"@context":"https:\/\/schema.org","@graph":[{"@type":"WebPage","@id":"https:\/\/www.irisem.com\/pt\/curtumes\/","url":"https:\/\/www.irisem.com\/pt\/curtumes\/","name":"Pigmentos para pl\u00e1sticos - Colorantes para Pl\u00e1sticos","isPartOf":{"@id":"https:\/\/www.irisem.com\/#website"},"primaryImageOfPage":{"@id":"https:\/\/www.irisem.com\/pt\/curtumes\/#primaryimage"},"image":{"@id":"https:\/\/www.irisem.com\/pt\/curtumes\/#primaryimage"},"thumbnailUrl":"http:\/\/www.irisem.com\/wp-content\/uploads\/2015\/02\/curtidos.jpg","datePublished":"2017-09-11T11:47:02+00:00","dateModified":"2018-03-20T14:58:07+00:00","description":"Especialistas en pigmentos para pl\u00e1sticos, colorantes y aditivos con m\u00e1s de 25 a\u00f1os de experiencia en el sector de las soluciones qu\u00edmicas","breadcrumb":{"@id":"https:\/\/www.irisem.com\/pt\/curtumes\/#breadcrumb"},"inLanguage":"pt","potentialAction":[{"@type":"ReadAction","target":["https:\/\/www.irisem.com\/pt\/curtumes\/"]}]},{"@type":"ImageObject","inLanguage":"pt","@id":"https:\/\/www.irisem.com\/pt\/curtumes\/#primaryimage","url":"http:\/\/www.irisem.com\/wp-content\/uploads\/2015\/02\/curtidos.jpg","contentUrl":"http:\/\/www.irisem.com\/wp-content\/uploads\/2015\/02\/curtidos.jpg"},{"@type":"BreadcrumbList","@id":"https:\/\/www.irisem.com\/pt\/curtumes\/#breadcrumb","itemListElement":[{"@type":"ListItem","position":1,"name":"Portada","item":"https:\/\/www.irisem.com\/pt\/"},{"@type":"ListItem","position":2,"name":"Curtumes"}]},{"@type":"WebSite","@id":"https:\/\/www.irisem.com\/#website","url":"https:\/\/www.irisem.com\/","name":"Irisem","description":"Irisem, especialistas en colorantes, aditivos y pigmentos","potentialAction":[{"@type":"SearchAction","target":{"@type":"EntryPoint","urlTemplate":"https:\/\/www.irisem.com\/?s={search_term_string}"},"query-input":{"@type":"PropertyValueSpecification","valueRequired":true,"valueName":"search_term_string"}}],"inLanguage":"pt"}]}},"_links":{"self":[{"href":"https:\/\/www.irisem.com\/pt\/wp-json\/wp\/v2\/pages\/20160","targetHints":{"allow":["GET"]}}],"collection":[{"href":"https:\/\/www.irisem.com\/pt\/wp-json\/wp\/v2\/pages"}],"about":[{"href":"https:\/\/www.irisem.com\/pt\/wp-json\/wp\/v2\/types\/page"}],"author":[{"embeddable":true,"href":"https:\/\/www.irisem.com\/pt\/wp-json\/wp\/v2\/users\/1"}],"replies":[{"embeddable":true,"href":"https:\/\/www.irisem.com\/pt\/wp-json\/wp\/v2\/comments?post=20160"}],"version-history":[{"count":0,"href":"https:\/\/www.irisem.com\/pt\/wp-json\/wp\/v2\/pages\/20160\/revisions"}],"wp:attachment":[{"href":"https:\/\/www.irisem.com\/pt\/wp-json\/wp\/v2\/media?parent=20160"}],"curies":[{"name":"wp","href":"https:\/\/api.w.org\/{rel}","templated":true}]}}

<p><div class="fusion-fullwidth fullwidth-box fusion-builder-row-1 nonhundred-percent-fullwidth non-hundred-percent-height-scrolling" style="--awb-border-radius-top-left:0px;--awb-border-radius-top-right:0px;--awb-border-radius-bottom-right:0px;--awb-border-radius-bottom-left:0px;--awb-flex-wrap:wrap;" ><div class="fusion-builder-row fusion-row"><div class="fusion-layout-column fusion_builder_column fusion-builder-column-0 fusion_builder_column_1_1 1_1 fusion-one-full fusion-column-first fusion-column-last" style="--awb-bg-size:cover;"><div class="fusion-column-wrapper fusion-flex-column-wrapper-legacy"><div class="fusion-text fusion-text-1"><h2>Produtos para a indústria de Curtumes</h2>
<p style="text-align: justify;"><img decoding="async" class="size-full wp-image-19166 alignleft" src="http://www.irisem.com/wp-content/uploads/2015/02/curtidos.jpg" alt="" width="213" height="213" /></p>
<p>Oferecemos uma ampla gama de serviços e soluções químicas para curtumes de pele abarcando todos os processos dentro da sua fabricação, tanto para o seu tratamento a nível químico como para o seu tingimento e coloração.</p>
<p>O nosso objetivo consiste em proporcionar uma superioridade técnica e estética que destaque a qualidade do produto, ressaltando as caraterísticas e propriedades do mesmo, estudando as necessidades concretas e adaptando-nos a cada caso.</p>
<p><strong>Dispomos de corantes e aditivos para o processo de tintura em fulão, corantes e pigmentos para o acabamento de todo o tipo de peles</strong></p>
<div>
<p><img decoding="async" class="wp-image-669 alignright" src="http://www.irisem.com/wp-content/uploads/2015/02/pedro-fernandez.png" alt="Pedro Fernández" width="108" height="84" /></p>
<h5 style="text-align: right;">Pedro Fernández</h5>
<h6 style="text-align: right;">Técnico-comercial</h6>
<h6 style="text-align: right;">Especialista em curtumes, plástico e tintas</h6>
</div>
</div><div class="fusion-clearfix"></div></div></div></div></div><div class="fusion-fullwidth fullwidth-box fusion-builder-row-2 nonhundred-percent-fullwidth non-hundred-percent-height-scrolling" style="--awb-border-radius-top-left:0px;--awb-border-radius-top-right:0px;--awb-border-radius-bottom-right:0px;--awb-border-radius-bottom-left:0px;--awb-margin-top:80px;--awb-flex-wrap:wrap;" ><div class="fusion-builder-row fusion-row"><div class="fusion-layout-column fusion_builder_column fusion-builder-column-1 fusion_builder_column_1_1 1_1 fusion-one-full fusion-column-first fusion-column-last" style="--awb-bg-size:cover;"><div class="fusion-column-wrapper fusion-flex-column-wrapper-legacy"><div class="fusion-text fusion-text-2"><h3>Ficha Técnica do Produto</h3>
<p>Entre os nossos principais serviços para curtumes podemos encontrar:</p>
<p>– Acabamento em húmido</p>
<p>– Acabamento em couro</p>
<p>– Revestimentos e acabamentos</p>
<p>Não obstante, podemos abordar todo o tipo de projetos e elaborar soluções à medida avaliando especificamente as suas solicitações. Pergunte-nos sem compromisso pelas novidades no tratamento de peles ou sobre as novas cores da temporada, a nossa equipa técnica ficará encantada por poder informá-lo.</p>
</div><div class="fusion-clearfix"></div></div></div></div></div></p>

<!-- This site is optimized with the Yoast SEO plugin v27.1.1 - https://yoast.com/product/yoast-seo-wordpress/ -->
<title>Pigmentos para plásticos - Colorantes para Plásticos</title>
<meta name="description" content="Especialistas en pigmentos para plásticos, colorantes y aditivos con más de 25 años de experiencia en el sector de las soluciones químicas" />
<meta name="robots" content="index, follow, max-snippet:-1, max-image-preview:large, max-video-preview:-1" />
<link rel="canonical" href="https://www.irisem.com/pt/curtumes/" />
<meta property="og:locale" content="pt_PT" />
<meta property="og:type" content="article" />
<meta property="og:title" content="Pigmentos para plásticos - Colorantes para Plásticos" />
<meta property="og:description" content="Especialistas en pigmentos para plásticos, colorantes y aditivos con más de 25 años de experiencia en el sector de las soluciones químicas" />
<meta property="og:url" content="https://www.irisem.com/pt/curtumes/" />
<meta property="og:site_name" content="Irisem" />
<meta property="article:modified_time" content="2018-03-20T14:58:07+00:00" />
<meta property="og:image" content="http://www.irisem.com/wp-content/uploads/2015/02/curtidos.jpg" />
<meta name="twitter:label1" content="Est. reading time" />
	<meta name="twitter:data1" content="3 minutes" />
<script type="application/ld+json" class="yoast-schema-graph">{"@context":"https://schema.org","@graph":[{"@type":"WebPage","@id":"https://www.irisem.com/pt/curtumes/","url":"https://www.irisem.com/pt/curtumes/","name":"Pigmentos para plásticos - Colorantes para Plásticos","isPartOf":{"@id":"https://www.irisem.com/#website"},"primaryImageOfPage":{"@id":"https://www.irisem.com/pt/curtumes/#primaryimage"},"image":{"@id":"https://www.irisem.com/pt/curtumes/#primaryimage"},"thumbnailUrl":"http://www.irisem.com/wp-content/uploads/2015/02/curtidos.jpg","datePublished":"2017-09-11T11:47:02+00:00","dateModified":"2018-03-20T14:58:07+00:00","description":"Especialistas en pigmentos para plásticos, colorantes y aditivos con más de 25 años de experiencia en el sector de las soluciones químicas","breadcrumb":{"@id":"https://www.irisem.com/pt/curtumes/#breadcrumb"},"inLanguage":"pt","potentialAction":[{"@type":"ReadAction","target":["https://www.irisem.com/pt/curtumes/"]}]},{"@type":"ImageObject","inLanguage":"pt","@id":"https://www.irisem.com/pt/curtumes/#primaryimage","url":"http://www.irisem.com/wp-content/uploads/2015/02/curtidos.jpg","contentUrl":"http://www.irisem.com/wp-content/uploads/2015/02/curtidos.jpg"},{"@type":"BreadcrumbList","@id":"https://www.irisem.com/pt/curtumes/#breadcrumb","itemListElement":[{"@type":"ListItem","position":1,"name":"Portada","item":"https://www.irisem.com/pt/"},{"@type":"ListItem","position":2,"name":"Curtumes"}]},{"@type":"WebSite","@id":"https://www.irisem.com/#website","url":"https://www.irisem.com/","name":"Irisem","description":"Irisem, especialistas en colorantes, aditivos y pigmentos","potentialAction":[{"@type":"SearchAction","target":{"@type":"EntryPoint","urlTemplate":"https://www.irisem.com/?s={search_term_string}"},"query-input":{"@type":"PropertyValueSpecification","valueRequired":true,"valueName":"search_term_string"}}],"inLanguage":"pt"}]}</script>
<!-- / Yoast SEO plugin. -->

Pigmentos para plásticos - Colorantes para Plásticos

Especialistas en pigmentos para plásticos, colorantes y aditivos con más de 25 años de experiencia en el sector de las soluciones químicas
